{"id":5089,"date":"2021-09-25T02:20:19","date_gmt":"2021-09-24T23:20:19","guid":{"rendered":"https:\/\/www.malatyayedekparca.com\/?post_type=product&#038;p=5089"},"modified":"2023-12-11T16:45:51","modified_gmt":"2023-12-11T13:45:51","slug":"eca-akis-turbini","status":"publish","type":"product","link":"https:\/\/www.malatyayedekparca.com\/index.php\/urun\/eca-akis-turbini\/","title":{"rendered":"eca ak\u0131\u015f t\u00fcrbini"},"content":{"rendered":"<div style='text-align:right' class='yasr-auto-insert-visitor'><\/div><p>eca pirin\u00e7 ak\u0131\u015f t\u00fcrbini<\/p>\n","protected":false},"excerpt":{"rendered":"<p>eca pirin\u00e7 ak\u0131\u015f t\u00fcrbini<\/p>\n","protected":false},"featured_media":5189,"comment_status":"open","ping_status":"closed","template":"","meta":{"yasr_overall_rating":0,"yasr_post_is_review":"","yasr_auto_insert_disabled":"","yasr_review_type":""},"product_cat":[945],"product_tag":[890,892,891,889],"class_list":{"0":"post-5089","1":"product","2":"type-product","3":"status-publish","4":"has-post-thumbnail","6":"product_cat-kombi-akis-turbin-guruplari","7":"product_tag-akis-turbini-eca","8":"product_tag-eca","9":"product_tag-eca-akis","10":"product_tag-eca-akis-turbini","12":"first","13":"outofstock","14":"shipping-taxable","15":"purchasable","16":"product-type-simple"},"yasr_visitor_votes":{"stars_attributes":{"read_only":false,"span_bottom":false},"number_of_votes":2,"sum_votes":10},"_links":{"self":[{"href":"https:\/\/www.malatyayedekparca.com\/index.php\/wp-json\/wp\/v2\/product\/5089"}],"collection":[{"href":"https:\/\/www.malatyayedekparca.com\/index.php\/wp-json\/wp\/v2\/product"}],"about":[{"href":"https:\/\/www.malatyayedekparca.com\/index.php\/wp-json\/wp\/v2\/types\/product"}],"replies":[{"embeddable":true,"href":"https:\/\/www.malatyayedekparca.com\/index.php\/wp-json\/wp\/v2\/comments?post=5089"}],"wp:featuredmedia":[{"embeddable":true,"href":"https:\/\/www.malatyayedekparca.com\/index.php\/wp-json\/wp\/v2\/media\/5189"}],"wp:attachment":[{"href":"https:\/\/www.malatyayedekparca.com\/index.php\/wp-json\/wp\/v2\/media?parent=5089"}],"wp:term":[{"taxonomy":"product_cat","embeddable":true,"href":"https:\/\/www.malatyayedekparca.com\/index.php\/wp-json\/wp\/v2\/product_cat?post=5089"},{"taxonomy":"product_tag","embeddable":true,"href":"https:\/\/www.malatyayedekparca.com\/index.php\/wp-json\/wp\/v2\/product_tag?post=5089"}],"curies":[{"name":"wp","href":"https:\/\/api.w.org\/{rel}","templated":true}]}}