{"id":586,"date":"2020-03-22T14:50:53","date_gmt":"2020-03-22T11:50:53","guid":{"rendered":"https:\/\/www.malatyayedekparca.com\/index.php\/urun\/import-placeholder-for-5255\/"},"modified":"2024-03-30T15:36:50","modified_gmt":"2024-03-30T12:36:50","slug":"huba-26x18-hava-akis-prosestat","status":"publish","type":"product","link":"https:\/\/www.malatyayedekparca.com\/index.php\/urun\/huba-26x18-hava-akis-prosestat\/","title":{"rendered":"HUBA 26X18 hava ak\u0131\u015f prosestat"},"content":{"rendered":"<div style='text-align:right' class='yasr-auto-insert-visitor'><\/div><p>HUBA 26X18 pa HAVA PROSEST d\u00fc\u015f\u00fck bas\u0131n\u00e7 kaliteli<\/p>\n","protected":false},"excerpt":{"rendered":"<p>HUBA 26X18 pa HAVA PROSEST d\u00fc\u015f\u00fck bas\u0131n\u00e7 kaliteli<\/p>\n","protected":false},"featured_media":145,"comment_status":"open","ping_status":"closed","template":"","meta":{"yasr_overall_rating":0,"yasr_post_is_review":"","yasr_auto_insert_disabled":"","yasr_review_type":""},"product_cat":[962],"product_tag":[124,125,126,127,128,129,130,131,132,133,134],"class_list":{"0":"post-586","1":"product","2":"type-product","3":"status-publish","4":"has-post-thumbnail","6":"product_cat-kombi-hava-akis-prosestat","7":"product_tag-airfel-prosestat","8":"product_tag-ariston-prosestat","9":"product_tag-baymak-prosestat","10":"product_tag-demirdokum-prosestat","11":"product_tag-hava-akis-prosestat","12":"product_tag-hava-akis-sensoru","13":"product_tag-kombi-hava-akis-sensoru","14":"product_tag-prosestat","15":"product_tag-termodinamik-prosestat","16":"product_tag-vaillant-prosestat","17":"product_tag-wiesman-prosestat","19":"first","20":"outofstock","21":"shipping-taxable","22":"purchasable","23":"product-type-simple"},"yasr_visitor_votes":{"stars_attributes":{"read_only":false,"span_bottom":false},"number_of_votes":0,"sum_votes":0},"_links":{"self":[{"href":"https:\/\/www.malatyayedekparca.com\/index.php\/wp-json\/wp\/v2\/product\/586"}],"collection":[{"href":"https:\/\/www.malatyayedekparca.com\/index.php\/wp-json\/wp\/v2\/product"}],"about":[{"href":"https:\/\/www.malatyayedekparca.com\/index.php\/wp-json\/wp\/v2\/types\/product"}],"replies":[{"embeddable":true,"href":"https:\/\/www.malatyayedekparca.com\/index.php\/wp-json\/wp\/v2\/comments?post=586"}],"wp:featuredmedia":[{"embeddable":true,"href":"https:\/\/www.malatyayedekparca.com\/index.php\/wp-json\/wp\/v2\/media\/145"}],"wp:attachment":[{"href":"https:\/\/www.malatyayedekparca.com\/index.php\/wp-json\/wp\/v2\/media?parent=586"}],"wp:term":[{"taxonomy":"product_cat","embeddable":true,"href":"https:\/\/www.malatyayedekparca.com\/index.php\/wp-json\/wp\/v2\/product_cat?post=586"},{"taxonomy":"product_tag","embeddable":true,"href":"https:\/\/www.malatyayedekparca.com\/index.php\/wp-json\/wp\/v2\/product_tag?post=586"}],"curies":[{"name":"wp","href":"https:\/\/api.w.org\/{rel}","templated":true}]}}