{"id":633,"date":"2020-03-22T14:51:35","date_gmt":"2020-03-22T11:51:35","guid":{"rendered":"https:\/\/www.malatyayedekparca.com\/index.php\/urun\/import-placeholder-for-5666\/"},"modified":"2023-12-11T17:17:13","modified_gmt":"2023-12-11T14:17:13","slug":"viessmann-wilo-devirdaim-pompalari","status":"publish","type":"product","link":"https:\/\/www.malatyayedekparca.com\/index.php\/urun\/viessmann-wilo-devirdaim-pompalari\/","title":{"rendered":"Viessmann Wilo Devirdaim Pompalar\u0131"},"content":{"rendered":"<div style='text-align:right' class='yasr-auto-insert-visitor'><\/div><p>vilo pompalar s\u0131f\u0131r g\u0131b\u0131d\u0131r<\/p>\n<p>viessmann vilo devirdaim pompalar\u0131<\/p>\n","protected":false},"excerpt":{"rendered":"<p>vilo pompalar s\u0131f\u0131r g\u0131b\u0131d\u0131r viessmann vilo devirdaim pompalar\u0131<\/p>\n","protected":false},"featured_media":303,"comment_status":"open","ping_status":"closed","template":"","meta":{"yasr_overall_rating":0,"yasr_post_is_review":"","yasr_auto_insert_disabled":"","yasr_review_type":""},"product_cat":[950],"product_tag":[342,343,344],"class_list":{"0":"post-633","1":"product","2":"type-product","3":"status-publish","4":"has-post-thumbnail","6":"product_cat-kombi-sirkulasyon-pompa-salyangozlari","7":"product_tag-devirdaim-viessmann","8":"product_tag-sikulasyon-pompasi-vilo","9":"product_tag-sirkulasyon-pompasi-viessmann","11":"first","12":"outofstock","13":"shipping-taxable","14":"purchasable","15":"product-type-simple"},"yasr_visitor_votes":{"stars_attributes":{"read_only":false,"span_bottom":false},"number_of_votes":0,"sum_votes":0},"_links":{"self":[{"href":"https:\/\/www.malatyayedekparca.com\/index.php\/wp-json\/wp\/v2\/product\/633"}],"collection":[{"href":"https:\/\/www.malatyayedekparca.com\/index.php\/wp-json\/wp\/v2\/product"}],"about":[{"href":"https:\/\/www.malatyayedekparca.com\/index.php\/wp-json\/wp\/v2\/types\/product"}],"replies":[{"embeddable":true,"href":"https:\/\/www.malatyayedekparca.com\/index.php\/wp-json\/wp\/v2\/comments?post=633"}],"wp:featuredmedia":[{"embeddable":true,"href":"https:\/\/www.malatyayedekparca.com\/index.php\/wp-json\/wp\/v2\/media\/303"}],"wp:attachment":[{"href":"https:\/\/www.malatyayedekparca.com\/index.php\/wp-json\/wp\/v2\/media?parent=633"}],"wp:term":[{"taxonomy":"product_cat","embeddable":true,"href":"https:\/\/www.malatyayedekparca.com\/index.php\/wp-json\/wp\/v2\/product_cat?post=633"},{"taxonomy":"product_tag","embeddable":true,"href":"https:\/\/www.malatyayedekparca.com\/index.php\/wp-json\/wp\/v2\/product_tag?post=633"}],"curies":[{"name":"wp","href":"https:\/\/api.w.org\/{rel}","templated":true}]}}