{"id":672,"date":"2020-03-22T14:51:59","date_gmt":"2020-03-22T11:51:59","guid":{"rendered":"https:\/\/www.malatyayedekparca.com\/index.php\/urun\/import-placeholder-for-7208\/"},"modified":"2026-02-24T13:03:29","modified_gmt":"2026-02-24T10:03:29","slug":"prosestat-40-20-basincli","status":"publish","type":"product","link":"https:\/\/www.malatyayedekparca.com\/index.php\/urun\/prosestat-40-20-basincli\/","title":{"rendered":"prosestat 40\/20 bas\u0131n\u00e7l\u0131"},"content":{"rendered":"<div style='text-align:right' class='yasr-auto-insert-visitor'><\/div><p>prosestat eca yeni\u00a0 H\/J marka orjinal<\/p>\n","protected":false},"excerpt":{"rendered":"<p>prosestat eca yeni\u00a0 H\/J marka orjinal<\/p>\n","protected":false},"featured_media":560,"comment_status":"open","ping_status":"closed","template":"","meta":{"yasr_overall_rating":0,"yasr_post_is_review":"","yasr_auto_insert_disabled":"","yasr_review_type":""},"product_cat":[962],"product_tag":[506,126,507,508,509,556],"class_list":{"0":"post-672","1":"product","2":"type-product","3":"status-publish","4":"has-post-thumbnail","6":"product_cat-kombi-hava-akis-prosestat","7":"product_tag-airfell-prosestat","8":"product_tag-baymak-prosestat","9":"product_tag-hava-akis-sensoru-baymak-airfell-ariston-viessmann-vaillant-ferroli","10":"product_tag-kombi-prosestat-40-20-basincli-eca","11":"product_tag-prosestat-40-20","12":"product_tag-prosestat-kombi-malatya-kombi-antep-kombi-adiyaman-kombi-yedek-parca-adana-parca","14":"first","15":"instock","16":"shipping-taxable","17":"purchasable","18":"product-type-simple"},"yasr_visitor_votes":{"stars_attributes":{"read_only":false,"span_bottom":false},"number_of_votes":1,"sum_votes":5},"_links":{"self":[{"href":"https:\/\/www.malatyayedekparca.com\/index.php\/wp-json\/wp\/v2\/product\/672"}],"collection":[{"href":"https:\/\/www.malatyayedekparca.com\/index.php\/wp-json\/wp\/v2\/product"}],"about":[{"href":"https:\/\/www.malatyayedekparca.com\/index.php\/wp-json\/wp\/v2\/types\/product"}],"replies":[{"embeddable":true,"href":"https:\/\/www.malatyayedekparca.com\/index.php\/wp-json\/wp\/v2\/comments?post=672"}],"wp:featuredmedia":[{"embeddable":true,"href":"https:\/\/www.malatyayedekparca.com\/index.php\/wp-json\/wp\/v2\/media\/560"}],"wp:attachment":[{"href":"https:\/\/www.malatyayedekparca.com\/index.php\/wp-json\/wp\/v2\/media?parent=672"}],"wp:term":[{"taxonomy":"product_cat","embeddable":true,"href":"https:\/\/www.malatyayedekparca.com\/index.php\/wp-json\/wp\/v2\/product_cat?post=672"},{"taxonomy":"product_tag","embeddable":true,"href":"https:\/\/www.malatyayedekparca.com\/index.php\/wp-json\/wp\/v2\/product_tag?post=672"}],"curies":[{"name":"wp","href":"https:\/\/api.w.org\/{rel}","templated":true}]}}